t of 2977?
7
What is the units digit of 33919?
9
What is the tens digit of 895?
9
What is the tens digit of 38673?
7
What is the units digit of 112336?
6
What is the hundreds digit of 7371?
3
What is the units digit of 42?
2
What is the hundreds digit of 18805?
8
What is the hundreds digit of 2464?
4
What is the hundreds digit of 102986?
9
What is the hundreds digit of 4787?
7
What is the thousands digit of 16988?
6
What is the tens digit of 484?
8
What is the thousands digit of 67388?
7
What is the ten thousands digit of 17053?
1
What is the hundreds digit of 26238?
2
What is the tens digit of 365?
6
What is the units digit of 45497?
7
What is the thousands digit of 43319?
3
What is the hundreds digit of 1910?
9
What is the units digit of 422?
2
What is the thousands digit of 66657?
6
What is the thousands digit of 13480?
3
What is the units digit of 8446?
6
What is the tens digit of 37448?
4
What is the tens digit of 1010?
1
What is the units digit of 7672?
2
What is the hundred thousands digit of 109731?
1
What is the ten thousands digit of 42352?
4
What is the hundreds digit of 3770?
7
What is the units digit of 1295?
5
What is the hundreds digit of 1529?
5
What is the thousands digit of 4966?
4
What is the hundreds digit of 1874?
8
What is the tens digit of 4337?
3
What is the hundred thousands digit of 136327?
1
What is the hundreds digit of 122433?
4
What is the units digit of 449?
9
What is the tens digit of 1740?
4
What is the hundreds digit of 7922?
9
What is the units digit of 153042?
2
What is the hundreds digit of 815?
8
What is the hundreds digit of 3052?
0
What is the hundreds digit of 604?
6
What is the ten thousands digit of 50662?
5
What is the units digit of 4287?
7
What is the tens digit of 86?
8
What is the tens digit of 38?
3
What is the thousands digit of 1068?
1
What is the tens digit of 12609?
0
What is the units digit of 24433?
3
What is the units digit of 345?
5
What is the thousands digit of 16215?
6
What is the tens digit of 333?
3
What is the thousands digit of 7368?
7
What is the hundreds digit of 38227?
2
What is the hundreds digit of 48585?
5
What is the hundreds digit of 17673?
6
What is the units digit of 52568?
8
What is the tens digit of 2632?
3
What is the ten thousands digit of 114818?
1
What is the units digit of 26771?
1
What is the tens digit of 6288?
8
What is the units digit of 72688?
8
What is the hundreds digit of 27044?
0
What is the tens digit of 10660?
6
What is the tens digit of 12414?
1
What is the thousands digit of 2083?
2
What is the units digit of 1325?
5
What is the units digit of 2738?
8
What is the units digit of 3002?
2
What is the tens digit of 181?
8
What is the hundreds digit of 1833?
8
What is the units digit of 25947?
7
What is the tens digit of 623?
2
What is the units digit of 10219?
9
What is the tens digit of 2233?
3
What is the units digit of 2895?
5
What is the hundreds digit of 9050?
0
What is the units digit of 1132?
2
What is the ten thousands digit of 13737?
1
What is the units digit of 10374?
4
What is the hundreds digit of 506?
5
What is the tens digit of 11631?
3
What is the tens digit of 86575?
7
What is the thousands digit of 3716?
3
What is the thousands digit of 3416?
3
What is the tens digit of 95?
9
What is the thousands digit of 11448?
1
What is the hundreds digit of 296?
2
What is the ten thousands digit of 26194?
2
What is the ten thousands digit of 209516?
0
What is the units digit of 2103?
3
What is the tens digit of 1981?
8
What is the tens digit of 241?
4
What is the ten thousands digit of 14842?
1
What is the hundreds digit of 24365?
3
What is the thousands digit of 25303?
5
What is the thousands digit of 7703?
7
What is the tens digit of 173?
7
What is the units digit of 25173?
3
What is the thousands digit of 1703?
1
What is the units digit of 21303?
3
What is the hundreds digit of 58515?
5
What is the tens digit of 1439?
3
What is the thousands digit of 1560?
1
What is the thousands digit of 1472?
1
What is the units digit of 10292?
2
What is the thousands digit of 9549?
9
What is the thousands digit of 68738?
8
What is the units digit of 13?
3
What is the units digit of 1930?
0
What is the tens digit of 163?
6
What is the hundreds digit of 3474?
4
What is the units digit of 6228?
8
What is the tens digit of 378?
7
What is the tens digit of 38506?
0
What is the ten thousands digit of 60126?
6
What is the hundreds digit of 39973?
9
What is the thousands digit of 56674?
6
What is the hundreds digit of 900?
9
What is the units digit of 462?
2
What is the hundreds digit of 1669?
6
What is the tens digit of 14199?
9
What is the hundreds digit of 16642?
6
What is the units digit of 10616?
6
What is the units digit of 325?
5
What is the hundreds digit of 56009?
0
What is the hundreds digit of 4757?
7
What is the tens digit of 639?
3
What is the hundreds digit of 3615?
6
What is the tens digit of 4355?
5
What is the thousands digit of 12039?
2
What is the tens digit of 9073?
7
What is the ten thousands digit of 69584?
6
What is the hundreds digit of 9631?
6
What is the hundreds digit of 10755?
7
What is the units digit of 982?
2
What is the units digit of 70?
0
What is the hundreds digit of 9988?
9
What is the units digit of 3771?
1
What is the hundreds digit of 4922?
9
What is the tens digit of 460?
6
What is the hundreds digit of 1557?
5
What is the ten thousands digit of 13359?
1
What is the hundreds digit of 1110?
1
What is the hundreds digit of 56430?
4
What is the thousands digit of 16783?
6
What is the tens digit of 5768?
6
What is the units digit of 7751?
1
What is the tens digit of 807?
0
What is the units digit of 8047?
7
What is the hundred thousands digit of 143251?
1
What is the tens digit of 5490?
9
What is the thousands digit of 1981?
1
What is the tens digit of 1374?
7
What is the ten thousands digit of 15684?
1
What is the hundreds digit of 30581?
5
What is the units digit of 5364?
4
What is the ten thousands digit of 58792?
5
What is the thousands digit of 3504?
3
What is the units digit of 50661?
1
What is the hundreds digit of 180?
1
What is the thousands digit of 1740?
1
What is the units digit of 537?
7
What is the hundreds digit of 858?
8
What is the units digit of 736?
6
What is the tens digit of 8367?
6
What is the tens digit of 1911?
1
What is the hundreds digit of 1819?
8
What is the thousands digit of 1920?
1
What is the tens digit of 1109?
0
What is the thousands digit of 1784?
1
What is the hundreds digit of 1621?
6
What is the units digit of 62?
2
What is the ten thousands digit of 26540?
2
What is the thousands digit of 2290?
2
What is the hundreds digit of 14522?
5
What is the hundreds digit of 552?
5
What is the units digit of 10668?
8
What is the hundreds digit of 272?
2
What is the ten thousands digit of 36799?
3
What is the tens digit of 2396?
9
What is the ten thousands digit of 70451?
7
What is the tens digit of 1307?
0
What is the tens digit of 842?
4
What is the units digit of 14992?
2
What is the thousands digit of 6634?
6
What is the tens digit of 224?
2
What is the hundreds digit of 5409?
4
What is the hundreds digit of 65375?
3
What is the thousands digit of 9193?
9
What is the tens digit of 23591?
9
What is the tens digit of 1594?
9
What is the units digit of 968?
8
What is the hundreds digit of 3379?
3
What is the tens digit of 519?
1
What is the tens digit of 235?
3
What is the hundreds digit of 34770?
7
What is the units digit of 168?
8
What is the units digit of 9774?
4
What is the hundreds digit of 130897?
8
What is the thousands digit of 85878?
5
What is the units digit of 19478?
8
What is the hundreds digit of 85269?
2
What is the tens digit of 23154?
5
What is the units digit of 1198?
8
What is the tens digit of 53411?
1
What is the ten thousands digit of 10357?
1
What is the hundreds digit of 12832?
8
What is the hundreds digit of 13016?
0
What is the hundreds digit of 7617?
6
What is the units digit of 31397?
7
What is the hundreds digit of 548?
5
What is the hundreds digit of 814?
8
What is the hundreds digit of 6453?
4
What is the units digit of 2073?
3
What is the units digit of 85641?
1
What is the hundreds digit of 868?
8
What is the hundreds digit of 68282?
2
What is the hundreds digit of 4409